 + 32*y + 9. Let t(u) = 17*c(u) + 6*v(u). Calculate the remainder when 7 is divided by t(-5).
1
Let j(r) = 3*r**2 - 12*r - 1. Let n = -12 + 8. Let s(c) = c**2 - c - 1. Let g(x) = n*s(x) + j(x). What is the remainder when 26 is divided by g(-7)?
6
Let s(h) = h**3 + 14*h**2 + 13*h + 13. Suppose -15 = -5*q + 2*q. Suppose q*u = -4*c + 12 - 64, 3*u = 2*c + 26. What is the remainder when 24 is divided by s(c)?
11
Let p = -59 - -102. Let c = -1170 - -1181. Calculate the remainder when p is divided by c.
10
Suppose 0 = -3*u - 3*h + 45, -5*u = 2*h + h - 79. Let s(d) = 11*d + 109. Calculate the remainder when s(-4) is divided by u.
14
Let g(z) = 10*z**2 + 7. Suppose -r = 3*o - 34, 5*o = -5*r + 114 + 26. What is the remainder when g(-3) is divided by r?
22
Suppose 3*p = -p + 84. Suppose 21*w = 23*w - 66. Let n(r) = -2*r**2 + 69*r + 3. Calculate the remainder when n(w) is divided by p.
18
Suppose -595 = -2*y - 5*y. What is the remainder when 96 is divided by y?
11
Let c(w) = 0 - 12 + 23*w + 2. Calculate the remainder when c(4) is divided by 17.
14
Suppose 60 = 14*h - 10*h. Calculate the remainder when h is divided by 4.
3
Let t = -1125 + 1526. Calculate the remainder when t is divided by 103.
92
Let y = 9 - -9. Suppose 3*j = -4*n + 29, 0 = -4*j + 6*j - 2*n + 4. Suppose 0 = j*a + 3, -a = -4*h - 2*a + 135. Calculate the remainder when h is divided by y.
16
Let i(m) = 9*m**2 - 3*m - 3. Calculate the remainder when 228 is divided by i(3).
21
Let t(m) = -12*m - 18. Let n(z) = z. Let d(y) = 4*n(y) - t(y). What is the remainder when d(6) is divided by 23?
22
Suppose -9*n + 199 = -107. Calculate the remainder when n is divided by 9.
7
Let b = -84 + 230. Suppose -5*x + q + 268 + 99 = 0, 0 = -x - 5*q + 63. Suppose 5*a + x = i, a - 3*a - b = -2*i. Calculate the remainder when i is divided by 37.
36
Suppose -52*t = -51*t - 3. Calculate the remainder when 28 is divided by t.
1
Let o(x) = 49*x**2 + x. Calculate the remainder when o(-1) is divided by ((-1368)/252)/(6/(-21)).
10
Calculate the remainder when (36/15)/(1/20) is divided by ((-6)/(-4))/((-3)/(-20)).
8
Let t be (30/8)/((-3)/(-64)). Suppose 6*y = t + 112. Calculate the remainder when y is divided by 21.
11
Let k(x) = -x**3 + 10*x**2 + 14*x - 33. What is the remainder when k(10) is divided by 10?
7
Suppose -24 = -4*h + n - 0*n, 0 = -5*h - n + 39. Suppose 0 = -s + 45 - h. What is the remainder when s is divided by 20?
18
Let a be 386 - (0 - (2 + -2)). Let g = a + -269. Suppose -d - 44 = -2*s - 3*d, 5*s - 2*d - g = 0. Calculate the remainder when s is divided by 8.
7
Let q(z) = -3*z - 16. Let h(n) = n - 1. Let r(o) = -4*h(o) - q(o). Let p be r(0). Suppose i = 6*i - p. What is the remainder when 10 is divided by i?
2
Let s be 0 + 2 + 1 - 47. Let o = -35 - s. Calculate the remainder when 34 is divided by o.
7
Let d(o) = 9*o + 44. Let f be d(-17). Let u = f + 302. What is the remainder when u is divided by 39?
37
Let s(i) = i**2 - 5*i. Let w be (-1801)/(-7) - (-4)/(-14). Suppose 3*q + 107 = 5*q - x, w = 5*q + x. Calculate the remainder when q is divided by s(7).
10
Suppose -5*n - 2 = -12. Suppose -6 = -3*t + n*t. What is the remainder when 16 is divided by t?
4
Let u = 982 - 827. What is the remainder when u is divided by 78?
77
Let w = 49 - 1. Suppose 100 = 5*l - 30. Calculate the remainder when w is divided by l.
22
Let d(s) = s**2 + 9. What is the remainder when d(-8) is divided by (-2)/((-1)/(-2) + (-57)/90)?
13
Let r = 6 - 10. Calculate the remainder when (-1)/r - 615/40*-2 is divided by 17.
14
Let l = 646 - 635. What is the remainder when 229 is divided by l?
9
Let p(o) = -2*o - 6. Let t(u) = 5*u**2 - 2*u - 3. Let a be t(-2). Let z = 13 - a. What is the remainder when p(z) is divided by 6?
4
Suppose -4 = -3*l + 11. Suppose 0 = 12*n + l*n - 425. Let h = 10 + 4. What is the remainder when n is divided by h?
11
Suppose -2 = -2*b + 4. Suppose 2*n - n = z - 23, 0 = -b*z + 5*n + 75. What is the remainder when 38 is divided by z?
18
Suppose 5*i = 3*p + 154, -19*i - 5*p = -18*i - 42. Calculate the remainder when 49 is divided by i.
17
Let h = -1 - 0. What is the remainder when ((-63)/35)/(1/(-25)) is divided by (-18 + 6)*h*1?
9
Let s be (166/3)/((-14)/(-21)). Let u = -30 + s. Let x = u - 0. Calculate the remainder when x is divided by 11.
9
Let c(i) = 2*i - 1. Let x(m) = -2*m + 1. Let v(y) = -2*c(y) - 3*x(y). What is the remainder when 45 is divided by v(12)?
22
Let z = -274 + 315. Calculate the remainder when z is divided by 26.
15
Let z(k) = -k**3 + 6*k**2 - 8*k + 6. Let l be z(3). Let h(f) = -f**3 + 10*f**2 + 9*f - 8. Calculate the remainder when h(l) is divided by 31.
30
Suppose h + 240 = 4*z, -2*z + 35 + 67 = 4*h. Suppose -7*r = -76*r + 2208. What is the remainder when z is divided by r?
27
Let d(n) = -176*n - 321. What is the remainder when 1019 is divided by d(-2)?
27
Suppose 0 = 5*s - 12 - 38. Calculate the remainder when s is divided by 4 + 4 + (-5)/1.
1
Suppose 6*w = 315 - 45. Calculate the remainder when 90 is divided by w.
0
Suppose -1274 + 5796 = 38*m. Let y = 53 - 13. What is the remainder when m is divided by y?
39
Suppose 0 = -3*h - 3*m + 9, 5*h + m = 2*m - 3. Suppose h = 2*x + 15 - 31. Calculate the remainder when 30 is divided by x.
6
Let q(y) be the first derivative of -y**4/4 + 5*y**3/3 - y**2 + 4*y + 3. What is the remainder when 44 is divided by q(4)?
8
Calculate the remainder when (-1)/(-4) + -11 + 18395/52 is divided by 86.
85
Let g = 2 - 3. Let x(m) = -38*m + 1. Suppose 0 = -5*t + 3*y + 67, -5*t = -5*y - 36 - 29. Calculate the remainder when x(g) is divided by t.
11
Let z(x) be the third derivative of 1/30*x**5 + 1/8*x**4 + 0 - 1/2*x**3 - 2*x**2 + 0*x. Calculate the remainder when z(-5) is divided by 18.
14
Let p(i) = -i**2 + 4*i + 13. Let g be p(10). What is the remainder when 33 is divided by g/(-5) + (-2)/30*6?
6
Suppose 3*o - 3078 = -738. What is the remainder when 87 is divided by 2/(-7) - o/(-35)?
21
Let f = -15814 + 15841. Calculate the remainder when (0 - 0) + (157 - -2) is divided by f.
24
Let d = -156 - -178. Calculate the remainder when d is divided by 5.
2
Let g(b) = 2*b**3 + 6*b**2 - 3*b - 4. Let x be g(-3). Let n be (-423)/x + 4/(-10). Calculate the remainder when 89 is divided by (-4)/(-34) + (-1520)/n.
17
Let q(u) = u**3 - 21*u**2 + 92*u + 31. Calculate the remainder when q(16) is divided by 52.
15
Let j(z) be the second derivative of z**4/2 + z**3/2 + 11*z. Let x(d) = 50*d**2 + d. What is the remainder when x(1) is divided by j(-2)?
15
Let n = 106 + -63. Let b = 147 + -94. Let y = -38 + b. Calculate the remainder when n is divided by y.
13
Let m(a) = 2*a**2 + 2*a + 34. Let j = 49 + -49. Calculate the remainder when m(j) is divided by 12.
10
Let d = -552 - -565. Let v be (1 - 2 - 18)*-1. Suppose y - v = -2*x - 4*y, -x = 3*y - 10. What is the remainder when d is divided by x?
6
Suppose 10011 = 46*w - 12713. Calculate the remainder when w is divided by 11.
10
Let i = -15 + 78. What is the remainder when 187 is divided by i?
61
Suppose -4 + 13 = -h. Let n = 5 - h. Calculate the remainder when 53 is divided by n.
11
Suppose 66 + 119 = 5*o. Suppose -z + 20 = -0*z. Let u = o - z. Calculate the remainder when u is divided by 9.
8
Let m(d) = 2*d - 4. Let w be m(8). Suppose -2*h + 6*h = 4*i + w, -9 = h - 5*i. Calculate the remainder when 19 is divided by (-3 + h + -2)*5.
4
Let s = -528 + 657. What is the remainder when s is divided by 43?
0
Suppose 41*t = 60*t - 4256. Calculate the remainder when t is divided by 43.
9
Suppose 5*k - 30 = -5*j, -2*j + 24 = 3*j - k. Suppose -38 - 4 = -3*g - 3*o, -j*o + 5 = 0. Calculate the remainder when -2 - (2 + 0 - 54) is divided by g.
11
Suppose 0 = 4*j + 5*w - 44, 26 = 3*j + 3*w - w. Calculate the remainder when 51 is divided by j.
3
Let s = 94 - 50. Let u be (24/4)/(-2) + 8. Suppose 2*d + 4*a - 42 = a, u*a + 25 = 3*d. Calculate the remainder when s is divided by d.
14
Let t(d) = d**2 - 14*d - 134. Suppose -17 = -2*q + q + 3*b, -2*q + 32 = -5*b. Calculate the remainder when t(-8) is divided by q.
9
What is the remainder when 58/(-10 + 22/2) is divided by 12?
10
Let m = 2289 + -1976. What is the remainder when m is divided by 47?
31
Suppose 4*p + 4*p - 232 = 0. Let s = -104 + 183. What is the remainder when s is divided by p?
21
Let d(p) = -p**3 - 